e prime factors of y/3*p/(-8)?
17
Let t(d) = -d - 1 + d**2 + 1 + 5 + 2. Suppose 2 = -p + 6. What are the prime factors of t(p)?
19
Let v(t) = -120*t - 61. What are the prime factors of v(-3)?
13, 23
Suppose -14 - 2 = -4*l. Suppose -120 = -l*w + 212. What are the prime factors of w?
83
Let z = 306 - 147. What are the prime factors of z?
3, 53
Let r be 3/(-9) + 86/6. Let x = 17 - r. Suppose -x*w = -7*w - u + 96, 2*w - 48 = u. List the prime factors of w.
2, 3
Let f(p) = -101*p - 881. What are the prime factors of f(-21)?
2, 5, 31
Suppose -4*r = -2*y + 1416, 0 = 12*r - 9*r + 9. What are the prime factors of y?
2, 3, 13
Let n(w) = w - 1. Let i be n(-2). List the prime factors of (7 + -3 - -64) + i.
5, 13
What are the prime factors of 16/168 - 593648/(-231)?
2, 5, 257
Suppose -3 = -2*l + 3*w, -5*w + 11 = -0*l + 2*l. List the prime factors of -1 - (l + 1)*-65.
7, 37
Let k = -18 + 20. Suppose -9*b + 34 = -k. What are the prime factors of b?
2
List the prime factors of ((-2)/((-32)/12))/((-39)/(-75972)).
3, 487
Let s(n) = -2*n**2 - 3*n + 1469. What are the prime factors of s(0)?
13, 113
Suppose 2002 = 8*s - 1878. List the prime factors of s.
5, 97
Let u = 26 + -18. Let s(h) = h**3 - 7*h**2 - 5*h + 11. What are the prime factors of s(u)?
5, 7
Suppose 0 = 3*i + 2*i - 700. Let w = 201 - i. List the prime factors of w.
61
Suppose -17*q = 2*u - 13*q - 10870, -2*u = -5*q - 10834. What are the prime factors of u?
3, 67
List the prime factors of -1 - (-22402)/16 - 33/264.
1399
What are the prime factors of ((-2)/(-11) + 12312/(-198))*-20?
2, 5, 31
Let n be 6/(-8)*(-3 + -1). Suppose -19 = -f - 3*f + 5*w, n*w + 3 = f. Let o = f - -30. What are the prime factors of o?
2, 3
Let i(o) be the second derivative of 3*o**5/20 - o**4/3 + o**3/6 + 7*o. Let a be i(3). List the prime factors of (6/8)/(2/a).
2, 3
Suppose -2826*s = -2831*s + 7905. What are the prime factors of s?
3, 17, 31
Suppose -2658 = 26*h - 32*h. List the prime factors of h.
443
Let c be 12/((-4)/16*-6). Suppose c*p - p = 301. What are the prime factors of p?
43
Suppose -3*x - 126 - 6 = -5*n, -4*n = -3*x - 108. Let d = n + 16. Suppose 4*g = 4, 6*w - w + 5*g - d = 0. What are the prime factors of w?
7
Let x = 1901 + -1293. What are the prime factors of x?
2, 19
Suppose 0 = 3*t + h - 2*h - 6, 3*h = 2*t - 4. Suppose -t*g - 13 = 4*x + 39, 2*g - 5*x = -97. List the prime factors of 130/3 - (-48)/g.
2, 3, 7
Let f be 4/14 + (-189)/147. Let r = 6 - f. Suppose r*a - 121 - 26 = 0. List the prime factors of a.
3, 7
Let o = 42 + 16. Let v = o + -17. What are the prime factors of v?
41
Let u(c) = 2*c**2 + 23*c - 89. List the prime factors of u(38).
3673
Let o(n) be the third derivative of 5*n**2 + 0*n + 0 + 1/12*n**4 + 0*n**3. What are the prime factors of o(12)?
2, 3
Suppose 0 = b - 2*v - 740, -2*b - 4*v = v - 1480. Suppose -r + 6*r = b. What are the prime factors of r?
2, 37
Suppose 27*g - 9540 = 8199. What are the prime factors of g?
3, 73
Let h(r) = 4*r**2 - r + 7. Let k be 12/2*2/4. What are the prime factors of h(k)?
2, 5
Let q(r) = -r**3 + 3*r**2 + r + 66. Let x be q(0). Suppose 2*h - x = 172. List the prime factors of h.
7, 17
Suppose 2*m - 201 - 227 = -2*p, 220 = p + 4*m. Suppose -u + p = 3*a, -u - 20 = -a + 56. What are the prime factors of a?
2, 3
Suppose 0*n - 3*n + 387 = -3*a, -1 = a. What are the prime factors of n?
2
List the prime factors of (-2 + -92)/(1/(-2)).
2, 47
Let v(k) = k**2 + 4*k - 5. Let x be v(-5). Suppose x = -7*s + 3*s + 12. List the prime factors of s - (1 - 37)/1.
3, 13
Suppose 3*o + 245 + 531 = c, 4*c + o = 3117. List the prime factors of c.
19, 41
Suppose -2*v = -16 - 0. Suppose g = -d - 0 + v, -g + 3 = -4*d. Suppose -y + 3 = -g. What are the prime factors of y?
2, 5
Let n(p) be the second derivative of p**4/12 + p**3 + p**2 - 4*p. Let b be n(-6). List the prime factors of 228/(-24)*(0 - b).
19
Let l(g) = -g**3 - 5*g - 11. Let y(q) = 3*q**3 - q**2 + 10*q + 22. Let h(b) = 5*l(b) + 2*y(b). What are the prime factors of h(6)?
103
What are the prime factors of (61 + -62)*(0 - 372)?
2, 3, 31
Let u = 323 - -182. What are the prime factors of u?
5, 101
Let f be 1 - 8948/(-26) - (-138)/(-897). Let t = 494 - f. What are the prime factors of t?
149
Suppose 3*h - 16 = -7. Let d = h - 1. Suppose f - 5*k + 28 = 103, 5*f = -d*k + 267. List the prime factors of f.
5, 11
Suppose 7*t = 11*t + 4. List the prime factors of ((623/(-21))/((-2)/(-6)))/t.
89
Suppose -4*l + 3*z + 15991 = 0, -126*l = -121*l + z - 19965. What are the prime factors of l?
2, 1997
Suppose 0 = n - 2*n + 12. Suppose -4*j + n = -32. Suppose 2*m - 3*m = -j. What are the prime factors of m?
11
Let t = 22 - 19. Let h(y) = 15*y**2 - 5*y + 7. Let r be h(t). Suppose 4*a = a + 4*c + 131, -5*c = -3*a + r. What are the prime factors of a?
7
Let u = 25 - 20. Suppose u*t = t + 568. Let g = -88 + t. List the prime factors of g.
2, 3
Suppose -2*d - 104 = -118. Suppose 0 = -q - d*q + 1088. List the prime factors of q.
2, 17
Let n(l) = -3*l**2 + 16*l + 9. Let y be n(14). Let d = y + 618. What are the prime factors of d?
263
Let c be (-4)/(-10) + 22/(-55). Suppose z - 7*z + 186 = c. What are the prime factors of z?
31
Let t = 378 + 21. What are the prime factors of t?
3, 7, 19
Let j(r) = -r**2 + 21*r + 18. Let p be j(22). List the prime factors of -4 - (p - -4 - 282).
2, 139
Let f = -1879 - -3568. What are the prime factors of f?
3, 563
Suppose 3*f + f = 16. Suppose f = q + 2. Suppose v - 4*c = 50, q*v + c = -0*c + 55. List the prime factors of v.
2, 3, 5
Let t = 0 - 9. Let b = 19 - t. What are the prime factors of b?
2, 7
Suppose -2346 = 52*l - 54*l. List the prime factors of l.
3, 17, 23
Let v(l) = l**3 - 15*l**2 - 34*l + 6. Let r be v(17). List the prime factors of 9/6*140/r.
5, 7
Let i(l) = 2*l - 18. Let n be i(9). Suppose -52 = -n*c + 4*c. Let j = 17 + c. What are the prime factors of j?
2
List the prime factors of 932/(-10)*(0 - 10).
2, 233
Suppose 0 = 5*k - 5*c - 125, -c - c + 80 = 3*k. Suppose 71 + k = p. What are the prime factors of p?
97
Suppose -2*o = -b + 4*b - 62, -b + 5*o = 2. Let v = 3 + b. Suppose 2*l - 29 = v. What are the prime factors of l?
5
Let q = -209 - -527. Suppose 5*i - 4*h - 622 = q, 3*h - 353 = -2*i. Suppose t + 205 = 5*t + 3*r, 4*t = 4*r + i. What are the prime factors of t?
7
Suppose -2*c + 4*s = -684, -379 - 305 = -2*c - 4*s. Suppose 0 = r - 3*y - 168, 4*r - 4*y = c + 338. What are the prime factors of r?
3, 19
Let d(o) = -14*o - 17. Let n be d(4). Let r = 189 - n. List the prime factors of r.
2, 131
Let b(c) = c + 20. Let h(v) = 11*v - 1. Let g be h(-1). Let r be b(g). What are the prime factors of 486/r + 12/(-16)?
2, 3, 5
Let n = 224 - -411. List the prime factors of n.
5, 127
Suppose -1 - 1 = -4*n - 2*h, 0 = 3*n - 3*h - 15. Suppose -3*i = -3*m + 36, m - 12 - n = 2*i. What are the prime factors of ((-6)/m)/(2/(-10))?
3
Let z = 3 + 2. Suppose -260 = -z*v + 490. What are the prime factors of v?
2, 3, 5
Suppose y + 6*h - 100 = 3*h, 173 = 2*y - 3*h. Suppose 2*k + 2*d - y = -d, -3*d + 53 = k. What are the prime factors of k?
2, 19
Suppose 0*q = 5*q - 2*b - 3148, q - 3*b = 627. List the prime factors of q.
2, 3, 5, 7
Suppose 6 = -2*o - 3*y, -o + 0*y - 5*y = 10. Suppose 2*h - 4*a - 12 - 110 = o, -2*a = -2*h + 128. What are the prime factors of h?
67
Let v(i) = -29*i**2 + 6*i - 6. Let b be v(3). Let c = b + 445. List the prime factors of c.
2, 7
Let v(t) = 2*t + 2. Let m be v(2). Suppose m*z + 39 = 3*r + 5*z, z - 73 = -5*r. Suppose -3*u = -170 + r. List the prime factors of u.
2, 13
Suppose 24 = -q - 3*q. Let v be 2*3/q*-1. Suppose 0 = -2*u + 5 - v. What are the prime factors of u?
2
Suppose 2*x = -4*l + 412, -4*x + 4 = 12. Suppose 9*w = w + l. List the prime factors of w.
13
Suppose 9*x - 593 = 658. Let c = x - -50. What are the prime factors of c?
3, 7
Let i = 510 - 51. List the prime factors of i.
3, 17
Suppose x - 822 - 42 = 0. List the prime factors of x.
2, 3
What are the prime factors of -29*(-6)/(-2)*-2?
2, 3, 29
Let g = 50 - 44. Let u(l) = l**3 - 4*l**2 - 2*l - 5. What are the prime factors of u(g)?
5, 11
Suppose 5*s - 335 - 105 = 0. Let a = 115 - s. List the prime factors of a.
3
Let h(w) = -7*w**3 - 39*w**2 + 10*w - 17. List the prime factors of h(-7).
13, 31
Let j = -37 - -45. What are the prime factors